the greatest common divisor of 22930 and 30?
10
Calculate the highest common divisor of 159 and 265.
53
Calculate the greatest common factor of 1380 and 1140.
60
What is the highest common divisor of 1360 and 51?
17
Calculate the greatest common factor of 170 and 204.
34
Calculate the greatest common factor of 17500 and 420.
140
Calculate the greatest common divisor of 69 and 204.
3
What is the greatest common factor of 32 and 10472?
8
What is the greatest common factor of 3892 and 28?
28
What is the greatest common divisor of 1108 and 831?
277
What is the greatest common factor of 589 and 496?
31
Calculate the greatest common divisor of 290 and 30.
10
What is the greatest common factor of 885 and 5?
5
What is the highest common divisor of 10 and 94?
2
What is the highest common factor of 36 and 348?
12
What is the highest common factor of 18 and 549?
9
What is the greatest common divisor of 9 and 1233?
9
What is the greatest common divisor of 31 and 124?
31
Calculate the highest common divisor of 59 and 20.
1
Calculate the highest common divisor of 19 and 152.
19
Calculate the greatest common divisor of 5696 and 356.
356
Calculate the greatest common divisor of 494 and 39.
13
Calculate the greatest common factor of 481 and 13.
13
Calculate the greatest common divisor of 23 and 9.
1
What is the greatest common factor of 1742 and 52?
26
What is the greatest common divisor of 585 and 285?
15
What is the highest common divisor of 11 and 583?
11
Calculate the highest common factor of 783 and 27.
27
Calculate the highest common factor of 30 and 645.
15
Calculate the greatest common factor of 36 and 792.
36
What is the greatest common divisor of 99 and 33?
33
Calculate the highest common factor of 973 and 834.
139
What is the highest common factor of 4801 and 1?
1
What is the greatest common divisor of 11 and 1353?
11
Calculate the greatest common divisor of 25 and 7325.
25
What is the highest common divisor of 54 and 4?
2
What is the greatest common divisor of 14 and 23513?
7
Calculate the greatest common factor of 9 and 81.
9
Calculate the greatest common divisor of 87202 and 118.
118
Calculate the highest common divisor of 17080 and 80.
40
Calculate the greatest common factor of 4154 and 1742.
134
Calculate the greatest common factor of 322 and 46.
46
What is the highest common divisor of 9667 and 21?
7
Calculate the greatest common factor of 345 and 3660.
15
What is the greatest common divisor of 60 and 285?
15
Calculate the highest common factor of 132 and 2442.
66
Calculate the greatest common factor of 4 and 12784.
4
Calculate the highest common divisor of 92 and 2116.
92
What is the highest common factor of 17 and 2686?
17
What is the highest common factor of 28 and 28?
28
What is the highest common factor of 20 and 10?
10
Calculate the highest common factor of 580 and 20.
20
What is the highest common factor of 10 and 90?
10
Calculate the highest common divisor of 123816 and 462.
462
What is the highest common divisor of 1008 and 12?
12
What is the highest common factor of 406 and 14?
14
What is the highest common divisor of 20 and 55?
5
Calculate the greatest common factor of 4183 and 1363.
47
Calculate the highest common divisor of 5632 and 528.
176
What is the greatest common factor of 168 and 6132?
84
Calculate the highest common factor of 28 and 2.
2
What is the greatest common divisor of 2 and 82?
2
What is the highest common factor of 8188 and 89?
89
What is the highest common factor of 235 and 141?
47
Calculate the highest common factor of 16745 and 197.
197
Calculate the greatest common divisor of 32 and 60.
4
Calculate the greatest common factor of 145 and 90.
5
Calculate the highest common divisor of 48 and 92.
4
What is the highest common divisor of 287 and 1558?
41
What is the highest common divisor of 36 and 3148?
4
What is the greatest common factor of 154 and 8960?
14
What is the highest common factor of 7 and 119?
7
What is the highest common factor of 56 and 98?
14
Calculate the greatest common factor of 18 and 6534.
18
What is the highest common factor of 768 and 30?
6
What is the highest common factor of 52 and 91?
13
What is the greatest common divisor of 168 and 1320?
24
What is the greatest common factor of 240 and 100?
20
What is the highest common factor of 390 and 195?
195
What is the highest common factor of 44 and 2981?
11
What is the highest common divisor of 8 and 232?
8
Calculate the greatest common divisor of 1085 and 1240.
155
What is the greatest common divisor of 1053 and 39?
39
Calculate the greatest common factor of 7153 and 46.
23
Calculate the highest common divisor of 1083 and 114.
57
Calculate the greatest common divisor of 320 and 880.
80
Calculate the greatest common divisor of 245 and 29302.
49
What is the greatest common factor of 7 and 917?
7
Calculate the highest common divisor of 1178 and 558.
62
Calculate the highest common factor of 48 and 2856.
24
What is the highest common factor of 140 and 7805?
35
What is the highest common factor of 64 and 4?
4
Calculate the greatest common factor of 63 and 2169.
9
Calculate the highest common factor of 1292 and 68.
68
Calculate the highest common divisor of 117 and 3159.
117
Calculate the highest common factor of 1902 and 84.
6
Calculate the highest common factor of 96 and 996.
12
Calculate the greatest common divisor of 2537 and 473.
43
Calculate the highest common factor of 2847 and 39.
39
Calculate the highest common factor of 270 and 72.
18
Calculate the highest common divisor of 2550 and 204.
102
Calculate the greatest common factor of 323 and 266.
19
Calculate the greatest common divisor of 132 and 83292.
132
Calculate the highest common factor of 40 and 185.
5
Calculate the greatest common factor of 63 and 5250.
21
What is the highest common divisor of 5207 and 508?
127
What is the greatest common factor of 30 and 510?
30
Calculate the highest common divisor of 73 and 1971.
73
What is the highest common divisor of 89 and 15041?
89
Calculate the highest common divisor of 44 and 1.
1
Calculate the highest common factor of 22 and 296.
2
What is the highest common factor of 146 and 949?
73
What is the highest common divisor of 19 and 19?
19
What is the highest common factor of 44 and 1100?
44
What is the highest common divisor of 81 and 3?
3
Calculate the greatest common divisor of 208 and 104.
104
Calculate the highest common factor of 625 and 75.
25
Calculate the highest common factor of 51 and 255.
51
Calculate the greatest common divisor of 603 and 201.
201
Calculate the greatest common divisor of 697 and 41.
41
What is the highest common factor of 469 and 21?
7
Calculate the greatest common factor of 140 and 60.
20
Calculate the highest common divisor of 564 and 204.
12
Calculate the highest common factor of 106 and 4.
2
Calculate the greatest common factor of 1441 and 11.
11
Calculate the greatest common factor of 25 and 125.
25
What is the greatest common divisor of 2990 and 130?
130
What is the greatest common divisor of 20 and 860?
20
What is the highest common factor of 65 and 55?
5
Calculate the greatest common divisor of 148 and 37.
37
Calculate the greatest common divisor of 1513 and 2136.
89
Calculate the greatest common factor of 182 and 32214.
182
What is the greatest common divisor of 301 and 172?
43
Calculate the highest common factor of 714 and 448.
14
What is the highest common divisor of 156 and 96?
12
Calculate the greatest common divisor of 500 and 920.
20
What is the highest common divisor of 332 and 747?
83
What is the highest common factor of 235 and 115?
5
What is the highest common factor of 11 and 56309?
11
What is the greatest common factor of 325 and 195?
65
What is the greatest common factor of 12 and 3972?
12
Calculate the highest common divisor of 7 and 553.
7
What is the greatest common divisor of 7280 and 13?
13
Calculate the greatest common factor of 8 and 1.
1
Calculate the greatest common divisor of 2192 and 16.
16
Calculate the highest common factor of 1884 and 12.
12
What is the highest common divisor of 40 and 430?
10
What is the greatest common divisor of 603 and 72?
9
What is the greatest common factor of 14 and 24?
2
Calculate the highest common factor of 297 and 11088.
99
Calculate the greatest comm